{"id":89,"date":"2023-11-01T08:39:18","date_gmt":"2023-11-01T08:39:18","guid":{"rendered":"https:\/\/www.aztu.edu.az\/sdg\/?page_id=89"},"modified":"2025-11-12T12:04:34","modified_gmt":"2025-11-12T08:04:34","slug":"sdg11","status":"publish","type":"page","link":"https:\/\/aztu.edu.az\/sdg\/sdg11\/","title":{"rendered":"11 &#8211; Sustainable Cities and Communities"},"content":{"rendered":"<h2>\n<p>SDG 11. Susta\u0131nable C\u0131t\u0131es and Commun\u0131t\u0131es<\/p>\n<\/h2>\n<p>\t\t\t\t\t\t\t\t\t\t\t\t\t\t\t<img loading=\"lazy\" decoding=\"async\" width=\"225\" height=\"225\" src=\"https:\/\/www.aztu.edu.az\/sdg\/wp-content\/uploads\/2024\/11\/SDG-11.png\" alt=\"\" srcset=\"https:\/\/www.aztu.edu.az\/sdg\/wp-content\/uploads\/2024\/11\/SDG-11.png 225w, https:\/\/www.aztu.edu.az\/sdg\/wp-content\/uploads\/2024\/11\/SDG-11-150x150.png 150w\" sizes=\"auto, (max-width: 225px) 100vw, 225px\" \/>\t\t\t\t\t\t\t\t\t\t\t\t\t\t\t<\/p>\n<p>Create inclusive, safe, resilient, and sustainable cities and communities by improving urban planning, enhancing infrastructure, and ensuring access to basic services while minimizing environmental impact and addressing social disparities.<\/p>\n<p>\u00a0<\/p>\n<hr \/>\n<p><strong><a href=\"https:\/\/www.aztu.edu.az\/sdg\/wp-content\/uploads\/2023\/11\/Report-SDG-11.pdf\">Report-SDG-11 (2023)<\/a><\/strong><\/p>\n<p><a href=\"https:\/\/www.aztu.edu.az\/sdg\/wp-content\/uploads\/2024\/11\/Report-on-SDG-11-2024.pdf\">Report-SDG-11 (2024)<\/a><\/p>\n<p><strong><a href=\"https:\/\/www.aztu.edu.az\/sdg\/wp-content\/uploads\/2025\/11\/SDG-11-2025.pdf\">Report-SDG- 11 (2025)<\/a><\/strong><\/p>\n<hr \/>\n","protected":false},"excerpt":{"rendered":"<p>SDG 11. Susta\u0131nable C\u0131t\u0131es and Commun\u0131t\u0131es Create inclusive, safe, resilient,<\/p>\n","protected":false},"author":2,"featured_media":0,"parent":0,"menu_order":0,"comment_status":"closed","ping_status":"closed","template":"","meta":{"footnotes":""},"class_list":["post-89","page","type-page","status-publish"],"_links":{"self":[{"href":"https:\/\/aztu.edu.az\/sdg\/wp-json\/wp\/v2\/pages\/89","targetHints":{"allow":["GET"]}}],"collection":[{"href":"https:\/\/aztu.edu.az\/sdg\/wp-json\/wp\/v2\/pages"}],"about":[{"href":"https:\/\/aztu.edu.az\/sdg\/wp-json\/wp\/v2\/types\/page"}],"author":[{"embeddable":true,"href":"https:\/\/aztu.edu.az\/sdg\/wp-json\/wp\/v2\/users\/2"}],"replies":[{"embeddable":true,"href":"https:\/\/aztu.edu.az\/sdg\/wp-json\/wp\/v2\/comments?post=89"}],"version-history":[{"count":50,"href":"https:\/\/aztu.edu.az\/sdg\/wp-json\/wp\/v2\/pages\/89\/revisions"}],"predecessor-version":[{"id":8571,"href":"https:\/\/aztu.edu.az\/sdg\/wp-json\/wp\/v2\/pages\/89\/revisions\/8571"}],"wp:attachment":[{"href":"https:\/\/aztu.edu.az\/sdg\/wp-json\/wp\/v2\/media?parent=89"}],"curies":[{"name":"wp","href":"https:\/\/api.w.org\/{rel}","templated":true}]}}