{"id":105,"date":"2023-11-01T08:43:08","date_gmt":"2023-11-01T08:43:08","guid":{"rendered":"https:\/\/www.aztu.edu.az\/sdg\/?page_id=105"},"modified":"2025-11-12T12:46:40","modified_gmt":"2025-11-12T08:46:40","slug":"sdg16","status":"publish","type":"page","link":"https:\/\/aztu.edu.az\/sdg\/sdg16\/","title":{"rendered":"16 &#8211; Peace, Justice and Strong Institutions"},"content":{"rendered":"<h2>SDG 16. Peace, Just\u0131ce and Strong Inst\u0131tut\u0131ons<\/h2>\n<p>\t\t\t\t\t\t\t\t\t\t\t\t\t\t\t<img loading=\"lazy\" decoding=\"async\" width=\"225\" height=\"225\" src=\"https:\/\/www.aztu.edu.az\/sdg\/wp-content\/uploads\/2024\/11\/SDG-16.png\" alt=\"\" srcset=\"https:\/\/www.aztu.edu.az\/sdg\/wp-content\/uploads\/2024\/11\/SDG-16.png 225w, https:\/\/www.aztu.edu.az\/sdg\/wp-content\/uploads\/2024\/11\/SDG-16-150x150.png 150w\" sizes=\"auto, (max-width: 225px) 100vw, 225px\" \/>\t\t\t\t\t\t\t\t\t\t\t\t\t\t\t<\/p>\n<p>Promote peaceful and inclusive societies, provide access to justice for all, and build effective, accountable, and inclusive institutions at all levels to ensure the rule of law, protect human rights, and foster sustainable development.<\/p>\n<p>\u00a0<\/p>\n<hr \/>\n<p><strong><a href=\"https:\/\/www.aztu.edu.az\/sdg\/wp-content\/uploads\/2023\/11\/Report-SDG-16.pdf\">Report-SDG-16 (2023)<\/a><\/strong><\/p>\n<p><strong><a href=\"https:\/\/www.aztu.edu.az\/sdg\/wp-content\/uploads\/2024\/11\/Report-on-SDG-16-2024.pdf\">Report-SDG-16 (2024)<\/a><\/strong><\/p>\n<p><strong><a href=\"https:\/\/www.aztu.edu.az\/sdg\/wp-content\/uploads\/2025\/11\/SDG-16-2025.pdf\">Report-SDG- 16 (2025)<\/a><\/strong><\/p>\n<hr \/>\n","protected":false},"excerpt":{"rendered":"<p>SDG 16. Peace, Just\u0131ce and Strong Inst\u0131tut\u0131ons Promote peaceful and<\/p>\n","protected":false},"author":2,"featured_media":0,"parent":0,"menu_order":0,"comment_status":"closed","ping_status":"closed","template":"","meta":{"footnotes":""},"class_list":["post-105","page","type-page","status-publish"],"_links":{"self":[{"href":"https:\/\/aztu.edu.az\/sdg\/wp-json\/wp\/v2\/pages\/105","targetHints":{"allow":["GET"]}}],"collection":[{"href":"https:\/\/aztu.edu.az\/sdg\/wp-json\/wp\/v2\/pages"}],"about":[{"href":"https:\/\/aztu.edu.az\/sdg\/wp-json\/wp\/v2\/types\/page"}],"author":[{"embeddable":true,"href":"https:\/\/aztu.edu.az\/sdg\/wp-json\/wp\/v2\/users\/2"}],"replies":[{"embeddable":true,"href":"https:\/\/aztu.edu.az\/sdg\/wp-json\/wp\/v2\/comments?post=105"}],"version-history":[{"count":44,"href":"https:\/\/aztu.edu.az\/sdg\/wp-json\/wp\/v2\/pages\/105\/revisions"}],"predecessor-version":[{"id":8586,"href":"https:\/\/aztu.edu.az\/sdg\/wp-json\/wp\/v2\/pages\/105\/revisions\/8586"}],"wp:attachment":[{"href":"https:\/\/aztu.edu.az\/sdg\/wp-json\/wp\/v2\/media?parent=105"}],"curies":[{"name":"wp","href":"https:\/\/api.w.org\/{rel}","templated":true}]}}